 ((-1682918)/2 - -3) a composite number?
True
Let s = 63 + -64. Let k(m) = 124*m**2 - 5*m - 2. Is k(s) prime?
True
Suppose 0 = -81*a + 68*a - 39. Is -1227*(32/12 + a) prime?
True
Let q = 90 - 1919. Let a be (-20)/(-4) - 3 - 5652. Let r = q - a. Is r composite?
False
Suppose -3 = -r - 2*r, 3*r + 27617 = 5*z. Suppose 0*b + z = 4*b. Is b a prime number?
True
Let d(u) = 209*u**2 - 383*u + 7237. Is d(20) a composite number?
False
Suppose -5*f - 1 = 9. Let q(h) = -2*h**3 + 12*h**2 + h + 6. Let m be q(9). Is (m/f)/((-21)/(-14)) a composite number?
False
Suppose -5*z - 6*z + 679670 = -4*a, 0 = -a - 6. Is z composite?
True
Suppose 3*z + 555 - 1854 = 3*h, 2*z = -3*h + 861. Let b = z - 253. Is b composite?
False
Suppose -130642 = -8*s + 113470. Suppose 32*k - s = 46062. Is k composite?
False
Suppose -c - 4041 = 5*z - 31019, -5*c = -4*z - 134977. Is c a prime number?
True
Let d(l) = -5*l + 16. Let w be d(2). Let f(r) = -8*r**3 + 12*r - 5. Let q be f(w). Let a = 534 - q. Is a a composite number?
True
Let u = 10519 - 2424. Suppose -u = -5*i - 2*n, 4200 = 3*i - 4*n - 657. Is i composite?
False
Let n(p) = -p + p**2 + 0*p**2 + 25 - 21 + 4*p. Let z be n(-3). Suppose z*y - 16 = 0, 4*f + 5*y = -0*y + 288. Is f composite?
False
Let z be (4/(-6)*(-18)/(-4))/(-1). Suppose 0*q = -3*k + q - 6, z*q = 4*k + 8. Is (-3 - -4)*k/2 - -1004 a prime number?
False
Suppose -5622971 - 30748897 = 42*m - 198*m. Is m composite?
True
Let r be (2 - 4/3)/((-12)/2214). Let h = 964 - r. Is h a prime number?
True
Let v(p) be the first derivative of -53*p**4/4 + 4*p**3/3 - p**2 - 5*p - 4. Suppose -65 + 23 = 7*o. Is v(o) a prime number?
False
Let p = 6487 - -8776. Let i = p + -9684. Is i prime?
False
Let o be 1/(-3)*(-66)/(-2). Let k(t) = t**3 + 11*t**2 - 3*t + 27. Let q be k(o). Suppose -n + z + 452 + q = 0, 0 = -3*n + 5*z + 1538. Is n a prime number?
False
Suppose -m + 86912 = 5*h, 0 = -m - 48*h + 51*h + 86920. Is m composite?
True
Let a be (-4)/(-3)*3 + 98. Suppose 42*k = 36*k + a. Is (12563/k)/((-1 - -3)/2) prime?
True
Suppose -4*j - 3*f - 200 = 2*f, -204 = 4*j + 4*f. Let s = j + 57. Suppose -5*h - 15 = 0, -s*v + 4*h - h = -253. Is v a prime number?
False
Is 9393*7 - (48 - 52) composite?
True
Let j = -105 + 109. Suppose -5*t - 4*n = -6107, 4*t + n + j*n = 4891. Is t a composite number?
True
Let k = -171 + 184. Suppose -3*i - 11150 = -k*i. Is i a prime number?
False
Suppose -5*l = -14039 - 296. Let j(r) = 340*r + 314. Let a be j(-5). Let t = l + a. Is t prime?
True
Let s = 2380814 - 707877. Is s composite?
True
Suppose 0 = -31*l + 28*l + 5565. Suppose l = r + x + x, 5*r = 3*x + 9223. Is r a prime number?
True
Let j(m) = -5*m + 38. Let u(n) = 43*n - 1. Let i(k) = j(k) + 3*u(k). Let d = -18 + 29. Is i(d) a prime number?
True
Let j = -9553 - -3384. Let g = -542 - j. Is g composite?
True
Let f(o) = -74*o + 81. Suppose -23*p + 19*p = 0, 0 = 5*a + 4*p + 110. Is f(a) a prime number?
True
Let g(u) = -131*u + 90. Let d(t) = 2*t + 2. Let c(z) = 5*d(z) - g(z). Let l(j) = j**2 - 4*j - 5. Let p be l(6). Is c(p) a prime number?
True
Let b be (1 - (-3)/(-2))/((-5)/(-490)). Let g be (-14)/b + (0 - (-66)/14). Suppose 4*v - c + g*c - 2872 = 0, 2*v - 1437 = -c. Is v composite?
False
Suppose 1 = m + b + 3, 3*m - 4 = 2*b. Let p(s) = -s**2 + 2*s + 500. Let u be p(m). Let g = u - 55. Is g a composite number?
True
Let a be (0 - -446) + (-3 - (-2 - -1)). Suppose a = -10*p + 4*p. Let n = 44 - p. Is n a prime number?
False
Let f = 69 - 40. Let b = f + -28. Is (-12)/(-4) + b + 513 a composite number?
True
Suppose -8499377 = -207*y + 6580282 - 4760088. Is y a prime number?
True
Is 4/(-28) - (450912864/112)/(-19) prime?
False
Suppose b = 2*m + 6*b - 308219, 2*m + 4*b = 308214. Is m a composite number?
False
Is 328666 + -50 + (-390)/(-15) prime?
False
Let s(t) = 1298*t + 1161. Is s(11) a composite number?
False
Suppose -40 = -6*o - 28. Is (60418/51)/(o/3) a prime number?
True
Let b be (-7)/14 + 62/(-4). Let k be (-24)/b*(-8)/(-3). Suppose -2*g + k*z + 1410 = 0, -2*z + 693 = -4*g + 5*g. Is g prime?
False
Is (-388002*(-10)/(-150))/(6/(-15)) prime?
True
Let y be ((-5)/45*1707)/(1/(-6)). Let o = 2025 - y. Is o a composite number?
False
Let r = 30006 + -18625. Suppose 5*y = 3*s - r - 535, -11910 = -3*s + 3*y. Is s a composite number?
False
Suppose 0 = 3*o - j - 25, 4*o + 4*j - 5 = o. Suppose 0 = a + q + 52, -a + 4*q - 55 - o = 0. Let n = a - -391. Is n prime?
True
Let v(q) = -3*q + 0*q - q - 7 + q**2 - 7*q. Let w be v(12). Suppose w*f - 2704 = 3311. Is f a prime number?
False
Let f(n) = -488*n**2 + 57*n - 14. Let o(v) = -163*v**2 + 19*v - 5. Let z(g) = 6*f(g) - 17*o(g). Let q be z(8). Is (q/(-25))/(4/(-5) - -1) a composite number?
False
Let o(v) be the second derivative of -23*v**3/6 - v**2 + 6*v. Let i be o(2). Let s = 346 + i. Is s prime?
False
Suppose 145*w = 9754522 - 1851056 + 7788579. Is w composite?
True
Suppose -2020773 = -144*t + 215115. Is t a composite number?
False
Suppose -338*l + 43556901 = 79*l. Is l prime?
False
Let w = 13879 - -12424. Is w composite?
True
Let x = 75 - 55. Let g(y) = -x + 4*y**2 + y**3 + 0*y**3 + 33 - 3*y**2 - 11*y. Is g(6) prime?
True
Let v(z) = z**3 + 22*z**2 - 48*z + 3. Let c be v(-24). Is c - 2 - 15600/(-4) prime?
False
Let s(o) = 65*o**2 - 140*o + 56. Is s(13) a prime number?
True
Let o(s) = -3*s**3 - 1. Let x be o(-1). Suppose 0*q + 2*q = -5*n - x, -5*q = 4*n - 12. Suppose q*k - 6363 = -5*k. Is k a prime number?
False
Let k(i) = -i - 8. Let o be k(-14). Let y be 46/o + (-6)/(-18). Is 4/16 + 630/y a prime number?
True
Let o = -17279 - -8359. Let j = -6339 - o. Suppose -j = -4*w + 967. Is w a composite number?
False
Let f(k) = k**3 - 18*k**2 - 10*k + 38. Let m be ((-210)/84)/((-2)/(-4)*-1). Suppose 190 = m*i + 85. Is f(i) a composite number?
False
Let s(q) = 47*q + 122 - 109*q + 21 - 57*q. Is s(-45) prime?
False
Let w = -105 - -79. Let q = 31 + w. Is 2 - (q - 1) - -495 a composite number?
True
Let r(d) = 2 + 2*d + 3*d**2 + 0*d + 4*d. Let m be r(-3). Suppose -15974 = -m*c - 2125. Is c composite?
False
Suppose -1 + 64 = -9*t. Let i(w) be the third derivative of -7*w**6/120 - 7*w**5/60 + w**4/24 + 4*w**2. Is i(t) a composite number?
True
Let t = 54 + -58. Let f be (((-930)/t)/(-3))/((-1)/(-34)). Let p = f - -4790. Is p a composite number?
True
Let p be 108/(-27) + 2*29481. Suppose -55939 = -3*l + 4*h - 20554, 5*l - h - p = 0. Is l a composite number?
True
Let o(b) = 145*b**2 + 63*b - 971. Is o(23) a prime number?
False
Suppose 5*f - 57 = -37. Suppose -19*u + 38250 = 2*a - 17*u, 0 = -4*a + f*u + 76468. Is a a prime number?
True
Suppose 3*m = -3*u + 8*u - 32094, -3*u = -2*m - 21395. Let o = m + 23330. Is o a composite number?
False
Let k = 29 + 8. Let t(o) = 271*o + 196. Is t(k) composite?
False
Let o = -2401 - -883. Suppose q + 2*q + 3045 = 0. Let c = q - o. Is c prime?
True
Let b = 5 - 0. Let g(f) = 5*f**2 + 178 - 5*f + 135*f**3 - 164 - f - 115*f**3. Is g(b) prime?
True
Let s = -104 - -141. Suppose -46*w + 17793 = -s*w. Is w a prime number?
False
Suppose 361*k + 112*k - 430075487 = -98*k. Is k a composite number?
False
Let i = -75925 - -806090. Is i a composite number?
True
Let p(n) = 319*n**2 + 71*n - 2451. Is p(29) prime?
True
Is (1 + -18055 + 2)*(-16002)/504 a composite number?
True
Let y be 543708/24*(-4)/6. Let o = 29724 + y. Is o composite?
False
Let t = -2 - -7. Suppose 0 = l - f - 92, -t*f + 3*f = -4*l + 374. Suppose n - 594 - l = 0. Is n composite?
True
Let g be (-4)/18 + 2376375/(-135). Let m = g + 25596. Is m a composite number?
False
Is ((-86)/(-1118))/(1/430079) prime?
True
Suppose 0 = -q - u - 17, u - 49 = 3*q - 10. Is -4*12/(-112) - 111896/q prime?
True
Suppose -2*h + 72009 = -2*z - 31997, 0 = -4*h - 5*z + 208039. Is h a composite number?
True
Suppose -54*l = -48*l - 72. Suppose -71438 = -l*h - 11*h. Is h a prime number?
False
Let l(z) be the second derivative of -z**4/6 + z**2 - 17*z. Let b be l(-2). Is (-7 - -10)*(-938)/b a prime number?
False
Let i be (-20)/(-2) - 20*7/28. Let o = 2 + 0. Suppose 3*t + r = 254, -o*t + 307 = 2*t - i*r. Is t prime?
True
Let s(r) = r**2 + 36*r - 64. Let z(v) = 37*v + 146. Let h be z(-5). Is s(h) a prime number?
True
Let a(m) = -93*m + 1303. Is a(-86) a prime number?
False
Suppose y - 21967 = 4*h, -34*y + 29*y = -4*h - 109851. Is y a comp